2002 (base 3) to base 13.
-4558bb
1467555 (base 9) to base 12
332295
Convert 134995 (base 10) to base 11.
92473
What is 10211001211 (base 3) in base 8?
222600
What is 1271aa (base 12) in base 6?
10253134
-3120440 (base 8) to base 14
-1778c0
-2bcc34 (base 15) to base 5
-1020300444
Convert -100101100001111001 (base 2) to base 7.
-1210111
What is -132136650 (base 7) in base 10?
-8497125
Convert 12021122110202 (base 3) to base 12.
b34a0b
What is -7a5ce (base 15) in base 11?
-246660
Convert -3cd454 (base 15) to base 6.
-142451011
What is 250217 (base 9) in base 2?
100100111000101001
35113641 (base 7) to base 4
23233310022
3027850 (base 11) to base 15
70b6da
What is 21aa44 (base 12) in base 11?
337649
What is -2452153 (base 6) in base 8?
-400505
1221200011101 (base 3) to base 6
34115444
9364b (base 13) to base 6
5401313
What is -1030404333 (base 5) in base 2?
-1000011001010000010001
What is -22110010020101 (base 3) in base 10?
-4490083
-30293 (base 14) to base 9
-185722
Convert -29b756 (base 13) to base 2.
-11111010010000100000
Convert -493330 (base 11) to base 6.
-24420442
Convert -123071 (base 11) to base 15.
-3c904
-1403a71 (base 12) to base 9
-7447474
41417 (base 11) to base 14
18021
What is 730587 (base 9) in base 4?
1221311212
What is -13f1c (base 16) in base 9?
-134048
Convert -22840c (base 14) to base 12.
-488138
What is 203067 (base 8) in base 2?
10000011000110111
1781058 (base 9) to base 12
4016b2
What is -48206 (base 15) in base 8?
-701104
What is 322341 (base 8) in base 6?
2150453
What is 13623776 (base 8) in base 10?
3090430
9a7c8 (base 13) to base 14
74262
31b9b5 (base 16) to base 12
1111a71
Convert 11101001111010110 (base 2) to base 7.
1006113
Convert 444076 (base 11) to base 14.
14611d
1100000000000101 (base 2) to base 4
30000011
What is 24525445 (base 6) in base 14?
16788d
211000110112110 (base 3) to base 5
10443411330
-404241 (base 5) to base 16
-330f
What is 101111122111 (base 3) in base 16?
327bb
Convert 80646 (base 12) to base 9.
273730
What is -19b006 (base 12) in base 7?
-3601662
Convert -4325126 (base 7) to base 3.
-222210201212
Convert 3cc732 (base 14) to base 6.
113111000
-1100010110010000101010 (base 2) to base 9
-6073172
What is -15455355 (base 6) in base 11?
-34781a
1000011001001101000001 (base 2) to base 6
115054545
162d382 (base 14) to base 9
22406358
What is 5b441 (base 12) in base 13?
44188
Convert -11000011010001110 (base 2) to base 6.
-2050514
Convert -2010600 (base 8) to base 12.
-216000
Convert -966464 (base 10) to base 6.
-32414212
Convert -d455 (base 16) to base 11.
-37926
Convert 4846442 (base 9) to base 16.
281e10
What is 11011010001010101 (base 2) in base 9?
180202
What is -413204042 (base 6) in base 3?
-111110111112222
What is a6e67 (base 15) in base 10?
529747
Convert -211202021012101 (base 3) to base 4.
-232013303302
Convert 5888c (base 13) to base 5.
20134344
What is -20616215 (base 7) in base 10?
-1752497
-512303021 (base 6) to base 11
-4a68063
Convert 1102121422 (base 5) to base 13.
654171
111122212 (base 4) to base 2
10101011010100110
What is -12b31c3 (base 13) in base 2?
-10110011110000110110101
What is 30013212031 (base 4) in base 9?
5871727
-50434513 (base 6) to base 7
-15126534
What is 30330110110 (base 4) in base 5?
1332032123
Convert 1604503 (base 7) to base 10.
220111
What is -38666a (base 11) in base 6?
-21015433
-12101220101 (base 3) to base 2
-11001111101111011
110000010011101 (base 2) to base 7
132052
3447208 (base 11) to base 5
3020331033
1290501 (base 11) to base 6
115413422
Convert -97116 (base 10) to base 16.
-17b5c
62dc84 (base 14) to base 9
6253220
What is -273132 (base 10) in base 9?
-455600
Convert -21142021 (base 5) to base 8.
-533141
What is -1803a1 (base 13) in base 11?
-380116
1046233 (base 7) to base 15
2853d
What is 321411012 (base 5) in base 11?
8475a3
540233 (base 8) to base 15
386a4
What is 515250302 (base 6) in base 8?
42050076
Convert 501130455 (base 6) to base 3.
120220122020122
Convert -2304327 (base 8) to base 9.
-1152123
515113 (base 7) to base 2
10101100010010010
-598064 (base 12) to base 14
-2986ba
2301330 (base 4) to base 2
10110001111100
613294 (base 10) to base 8
2255656
Convert -2616427 (base 9) to base 7.
-15066415
-520299 (base 10) to base 14
-d7883
Convert -2884619 (base 10) to base 3.
-12102112221202
Convert -440421240 (base 6) to base 5.
-4003402331
-2451403 (base 7) to base 4
-1030323001
Convert -1431265 (base 7) to base 14.
-5026c
What is -101110111101100100100100 (base 2) in base 6?
-1115510312
Convert 111000101100111111 (base 2) to base 15.
48c3a
What is e427d9 (base 16) in base 5?
12311434114
Convert -240362120 (base 7) to base 16.
-e33186
What is -1686640 (base 11) in base 16?
-2bb287
-6e579 (base 16) to base 2
-1101110010101111001
What is -3212212 (base 4) in base 5?
-433013
-122002102200 (base 3) to base 13
-ba159
-144736 (base 8) to base 10
-51678
311251 (base 9) to base 14
4b40d
5d7255 (base 14) to base 2
1100001111010000001011
Convert -1010111110100001 (base 2) to base 8.
-127641
What is 178afc (base 16) in base 15?
207258
100111100010001 (base 2) to base 12
b869
Convert -16ae (base 16) to base 5.
-141211
Convert 6316169 (base 10) to base 3.
102212220011012
-933e6 (base 16) to base 9
-1118272
15700a (base 11) to base 16
3b77f
What is 112222020001011 (base 3) in base 15?
a72677
What is 132310233003 (base 4) in base 2?
11110110100101111000011
Convert -100011000110111010 (base 2) to base 11.
-9904a
-10931a7 (base 12) to base 16
-307e4f
-134103140 (base 5) to base 11
-432213
What is 66e1c2 (base 15) in base 5?
2224021112
100000010011000001 (base 2) to base 3
20201110121
Convert d569 (base 15) to base 9.
67770
What is 123202233 (base 4) in base 16?
1b8af
Convert 11001011100100001110011 (base 2) to base 13.
14c7218
34966 (base 15) to base 3
22111202120
What is -2232000133 (base 5) in base 7?
-60046503
4092748 (base 10) to base 16
3e734c
What is -13032303213 (base 4) in base 11?
-1085263
-922e (base 15) to base 14
-b36d
What is 6855a (base 15) in base 13?
b8135
What is -17a16 (base 11) in base 9?
-37483
What is -1101101101001111111 (base 2) in base 9?
-754106
Convert -50115255 (base 8) to base 12.
-3637091
b96 (base 16) to base 3
11001212
What is -7003952 (base 11) in base 8?
-57246462
-2230303022 (base 4) to base 11
-443852
-18040a3 (base 13) to base 8
-35616172
Convert 1112010020002 (base 3) to base 5.
201344404
-aa1251 (base 11) to base 16
-1ad555
What is bb5aa5 (base 12) in base 14?
5764c5
Convert 41928 (base 14) to base 13.
5701b
Convert 1001100100111001100111 (base 2) to base 16.
264e67
What is -32310404 (base 5) in base 14?
-726ad
Convert -122717 (base 10) to base 6.
-2344045
Convert 2101001023 (base 4) to base 12.
2478b7
Convert 310441034 (base 5) to base 16.
134df8
What is -b3c0 (base 16) in base 2?
-1011001111000000
Convert -272780 (base 9) to base 3.
-22102212200
What is 30a36 (base 11) in base 10?
45172
Convert -2121111 (base 7) to base 10.
-257307
Convert 2220201011 (base 3) to base 13.
2016a
Convert -1404452 (base 6) to base 8.
-231720
-81059 (base 13) to base 5
-24341014
Convert 274d5a3 (base 14) to base 15.
1a08cee
Convert -12a46 (base 11) to base 12.
-a8ab
-51242030 (base 6) to base 7
-15321330
-4914c (base 16) to base 8
-1110514
Convert 11011120001110 (base 3) to base 9.
4146043
What is 31434134 (base 7) in base 12?
a8590b
-6b0356 (base 12) to base 9
-3213513
What is -244515625 (base 7) in base 16?
-eab932
What is 733745 (base 10) in base 4?
2303020301
Convert 14b46 (base 15) to base 5.
4113131
-10b273 (base 12) to base 2
-1000001011110110111
What is 1d891 (base 16) in base 14?
32133
Convert 356652 (base 7) to base 16.
fd2f
-18044548 (base 9) to base 11
-5130aa7
Convert 46770 (base 13) to base 15.
28200
Convert 332345231 (base 6) to base 12.
2015217
What is 19045 (base 16) in base 4?
121001011
What is -414064 (base 8) in base 2?
-100001100000110100
-4f6eb5 (base 16) to base 12
-18b0671
What is 10002000122012 (base 3) in base 13?
452a71
179219 (base 10) to base 11
112717
What is -12304142 (base 6) in base 10?
-397502
Convert -2001211121221 (base 3) to base 5.
-240132220
Convert 74745 (base 8) to base 11.
21499
Convert -217b863 (base 13) to base 16.
-9c68c6
-3105556 (base 10) to base 8
-13661424
-14c57 (base 13) to base 11
-27703
Wh